
Is 129887 a prime number?
True
Is 2159 composite?
True
Is 1195 a composite number?
True
Is 981373 a composite number?
False
Is 2407247 prime?
True
Is 851 prime?
False
Is 50459 composite?
False
Is 1086207 a prime number?
False
Is 3981 a prime number?
False
Is 2179 prime?
True
Is 523453 a composite number?
True
Is 40999 composite?
True
Is 193423 composite?
False
Is 292133 a prime number?
True
Is 8719 composite?
False
Is 1915 prime?
False
Is 135977 composite?
False
Is 104579 a prime number?
True
Is 85927 a prime number?
False
Is 633 composite?
True
Is 454141 a prime number?
True
Is 1741 composite?
False
Is 27883 composite?
False
Is 12497 composite?
False
Is 128773 a composite number?
True
Is 68329 a composite number?
False
Is 1194251 a composite number?
False
Is 7 prime?
True
Is 88937 a composite number?
False
Is 7897 composite?
True
Is 199855 a prime number?
False
Is 6239 a composite number?
True
Is 82019 prime?
False
Is 49186 prime?
False
Is 82903 a prime number?
True
Is 1105469 prime?
False
Is 6029 a composite number?
False
Is 148477 a composite number?
True
Is 1391 a composite number?
True
Is 1139 prime?
False
Is 31177 prime?
True
Is 96377 a composite number?
False
Is 127561 a prime number?
False
Is 8327 prime?
False
Is 28439 prime?
True
Is 1495061 prime?
False
Is 145693 a prime number?
False
Is 270851 a composite number?
True
Is 74653 a composite number?
False
Is 78959 prime?
False
Is 205402 a prime number?
False
Is 118861 prime?
True
Is 104827 a composite number?
False
Is 74047 prime?
True
Is 84569 a prime number?
False
Is 44803 a prime number?
False
Is 3457 a prime number?
True
Is 11443 a composite number?
False
Is 3314 a composite number?
True
Is 6001 a composite number?
True
Is 1733 prime?
True
Is 29065 prime?
False
Is 1949 prime?
True
Is 8929 a composite number?
False
Is 172153 a composite number?
False
Is 367 a prime number?
True
Is 1085801 prime?
True
Is 7550891 composite?
False
Is 16301 composite?
False
Is 15133 prime?
False
Is 285929 prime?
False
Is 1064153 a composite number?
False
Is 63737 composite?
False
Is 276995 composite?
True
Is 24829 a prime number?
False
Is 336121 a prime number?
True
Is 98953 composite?
False
Is 78259 composite?
False
Is 460387 a composite number?
False
Is 20329 composite?
True
Is 91177 a composite number?
True
Is 131669 prime?
False
Is 185727 a prime number?
False
Is 58202 prime?
False
Is 2483381 a prime number?
True
Is 55009 composite?
False
Is 428429 a prime number?
True
Is 1004723 composite?
False
Is 247183 composite?
False
Is 38894 a prime number?
False
Is 288403 a composite number?
False
Is 138273 a composite number?
True
Is 1235821 a prime number?
True
Is 397 composite?
False
Is 69809 a composite number?
False
Is 500291 a composite number?
True
Is 93287 prime?
True
Is 1067951 prime?
True
Is 126787 a prime number?
False
Is 506333 a prime number?
True
Is 535 composite?
True
Is 4049 composite?
False
Is 32957 a prime number?
True
Is 71417 a composite number?
True
Is 5873 composite?
True
Is 100129 a composite number?
False
Is 1655 composite?
True
Is 158647 a prime number?
True
Is 962737 a prime number?
True
Is 5039 composite?
False
Is 1450051 a prime number?
True
Is 125869 a prime number?
False
Is 185413 composite?
True
Is 433049 prime?
True
Is 334729 prime?
False
Is 14642 composite?
True
Is 3299 prime?
True
Is 4307 a prime number?
False
Is 24281 composite?
False
Is 38789 composite?
True
Is 421891 composite?
False
Is 11351 a prime number?
True
Is 92879 prime?
False
Is 31013 a prime number?
True
Is 140821 prime?
False
Is 1825738 composite?
True
Is 114194 prime?
False
Is 285251 composite?
False
Is 11073 prime?
False
Is 78077 a composite number?
True
Is 356681 prime?
False
Is 14281 prime?
True
Is 62273 prime?
True
Is 8759 a prime number?
False
Is 7187 a prime number?
True
Is 328827 composite?
True
Is 3715 prime?
False
Is 5953 a composite number?
False
Is 4219 composite?
False
Is 126083 composite?
True
Is 490697 composite?
False
Is 6353 composite?
False
Is 121843 a prime number?
True
Is 277787 composite?
False
Is 20014 a composite number?
True
Is 4559 a prime number?
False
Is 29641 a composite number?
False
Is 2767 composite?
False
Is 85559 composite?
True
Is 265565 a prime number?
False
Is 269159 prime?
False
Is 1571 a composite number?
False
Is 1830817 a composite number?
False
Is 206993 a prime number?
True
Is 336899 prime?
True
Is 313121 a prime number?
False
Is 1781 composite?
True
Is 1033247 a composite number?
True
Is 1887079 prime?
True
Is 2897 composite?
False
Is 263599 composite?
True
Is 248341 a composite number?
True
Is 48907 prime?
True
Is 1733 a prime number?
True
Is 172307 prime?
True
Is 471953 prime?
False
Is 19933 prime?
False
Is 271333 composite?
False
Is 2053 a composite number?
False
Is 7169 composite?
True
Is 1234349 prime?
True
Is 5165021 composite?
False
Is 1047181 prime?
False
Is 87767 a composite number?
False
Is 21419 composite?
False
Is 431 a prime number?
True
Is 166457 prime?
True
Is 2447 prime?
True
Is 410651 a prime number?
True
Is 35051 a prime number?
True
Is 98027 a composite number?
True
Is 24851 a composite number?
False
Is 114151 a composite number?
True
Is 9661 prime?
True
Is 20101 prime?
True
Is 709469 composite?
False
Is 290461 a composite number?
True
Is 787 prime?
True
Is 52061 composite?
True
Is 55291 composite?
False
Is 428549 composite?
True
Is 743 composite?
False
Is 173531 composite?
False
Is 22873 prime?
False
Is 125797 composite?
True
Is 1222583 a prime number?
True
Is 9623 a prime number?
True
Is 34087 a prime number?
False
Is 50257 a prime number?
False
Is 11755 composite?
True
Is 409759 composite?
True
Is 252383 composite?
False
Is 1144243 composite?
False
Is 192737 composite?
False
Is 75011 a prime number?
True
Is 8117 prime?
True
Is 7393 a composite number?
False
Is 56197 a composite number?
False
Is 121097 a prime number?
False
Is 367703 prime?
False
Is 17687 composite?
True
Is 655469 prime?
False
Is 305209 a composite number?
False
Is 43063 a composite number?
False
Is 999059 prime?
False
Is 11027 composite?
False
Is 50515 prime?
False
Is 391747 a prime number?
False
Is 739885 a prime number?
False
Is 955 composite?
True
Is 12895 prime?
False
Is 211829 composite?
True
Is 41981 prime?
True
Is 202259 composite?
True
Is 3343 composite?
False
Is 469457 a prime number?
True
Is 26149 prime?
False
Is 41333 a composite number?
False
Is 68351 composite?
False
Is 164363 prime?
True
Is 13441 composite?
False
Is 408911 a prime number?
True
Is 34123 a prime number?
True
Is 18517 prime?
True
Is 39551 a prime number?
True
Is 10813 a composite number?
True
Is 43033 a composite number?
True
Is 135381 prime?
False
Is 796121 a composite number?
False
Is 12459 a prime number?
False
Is 10073 prime?
False
Is 497701 a composite number?
False
Is 741973 composite?
False
Is 11351 a composite number?
False
Is 14447 prime?
True
Is 133795 composite?
True
Is 13499 composite?
False
Is 12479 prime?
True
Is 554377 composite?
False
Is 5737 composite?
False
Is 5137 a prime number?
False
Is 13522 a composite number?
True
Is 8597 prime?
True
Is 63569 composite?
True
Is 4657 composite?
False
Is 22109 a prime number?
True
Is 2371 a composite number?
False
Is 157039 prime?
False
Is 21169 composite?
False
Is 108841 a composite number?
True
Is 30293 a composite number?
False
Is 3031 composite?
True
Is 23089 prime?
False
Is 75323 a prime number?
True
Is 15601 a composite number?
False
Is 21701 prime?
True
Is 5669 a composite number?
False
Is 819497 a prime number?
False
Is 132058 composite?
True
Is 622927 a prime number?
True
Is 1973 a composite number?
False
Is 17129 a composite number?
True
Is 476023 a prime number?
True
Is 23781 prime?
False
Is 54121 prime?
True
Is 13973 composite?
True
Is 2063249 a composite number?
False
Is 1399 a composite number?
False
Is 1184047 composite?
False
Is 30301 a prime number?
False
Is 35755 a prime number?
False
Is 5591 prime?
True
Is 115301 prime?
True
Is 9610069 a composite number?
True
Is 199021 a composite number?
False
Is 17133 composite?
True
Is 1765939 composite?
True
Is 14903 prime?
False
Is 51734 composite?
True
Is 84207 a composite number?
True
Is 750059 a prime number?
True
Is 81233 prime?
True
Is 1200341 a composite number?
False
Is 134599 a